, 59, 83, 8963
What are the prime factors of 128778429?
3, 13, 3302011
What are the prime factors of 6702125727?
3, 11, 43, 71, 66523
List the prime factors of 3040249223.
11, 19, 765613
What are the prime factors of 508345672?
2, 311, 204319
What are the prime factors of 108255301?
7, 11, 1033, 1361
List the prime factors of 176456645.
5, 35291329
List the prime factors of 1470704245.
5, 294140849
What are the prime factors of 313247073?
3, 104415691
What are the prime factors of 2505909203?
7, 223, 1605323
What are the prime factors of 215107252?
2, 67, 113, 7103
List the prime factors of 219975170.
2, 5, 21997517
List the prime factors of 384319504.
2, 67, 191, 1877
What are the prime factors of 458887530?
2, 3, 5, 15296251
List the prime factors of 63428841.
3, 7, 37, 27211
What are the prime factors of 543190668?
2, 3, 4909, 9221
What are the prime factors of 747368211?
3, 19, 53, 247391
What are the prime factors of 50329743?
3, 16776581
What are the prime factors of 145540306?
2, 137, 531169
List the prime factors of 330374162.
2, 23, 7182047
What are the prime factors of 815392243?
815392243
What are the prime factors of 22066090?
2, 5, 71, 31079
What are the prime factors of 2020900542?
2, 3, 336816757
List the prime factors of 19249534.
2, 9624767
List the prime factors of 85720104.
2, 3, 47, 73, 347
List the prime factors of 1193993200.
2, 5, 1093, 2731
What are the prime factors of 465311134?
2, 97, 769, 3119
List the prime factors of 18705491.
7, 17, 157189
List the prime factors of 163051613.
163051613
List the prime factors of 158370965.
5, 47, 349, 1931
List the prime factors of 5414695437.
3, 6581, 274259
What are the prime factors of 57235727?
71, 806137
List the prime factors of 412670545.
5, 7, 239, 49333
What are the prime factors of 100920633?
3, 11, 3058201
What are the prime factors of 65789647?
7, 11, 19, 193, 233
What are the prime factors of 332681716?
2, 19, 230389
List the prime factors of 386086473.
3, 17, 841147
List the prime factors of 46984970.
2, 5, 4698497
List the prime factors of 40572129.
3, 13, 1040311
List the prime factors of 1301431824.
2, 3, 7, 11, 117373
What are the prime factors of 3061488928?
2, 17, 37, 89, 1709
What are the prime factors of 80140673?
31, 89, 937
List the prime factors of 3523468452.
2, 3, 7, 19, 337, 6551
What are the prime factors of 1653514774?
2, 826757387
List the prime factors of 97123500.
2, 3, 5, 113, 191
What are the prime factors of 48668578?
2, 7, 3476327
List the prime factors of 1084960235.
5, 216992047
What are the prime factors of 363626491?
37, 9827743
List the prime factors of 24741984.
2, 3, 97, 2657
List the prime factors of 19738197.
3, 61, 157, 229
What are the prime factors of 3062170458?
2, 3, 17, 23, 18917
What are the prime factors of 385044113?
385044113
What are the prime factors of 284252512?
2, 17, 522523
List the prime factors of 1978100264.
2, 7, 4973, 7103
What are the prime factors of 5117432665?
5, 4663, 219491
What are the prime factors of 1635472114?
2, 17, 48102121
What are the prime factors of 380122577?
380122577
List the prime factors of 49268814.
2, 3, 7, 103, 1627
List the prime factors of 317705337.
3, 35300593
What are the prime factors of 382525401?
3, 127508467
What are the prime factors of 501651481?
501651481
What are the prime factors of 1665024781?
7, 59, 4031537
What are the prime factors of 30267260?
2, 5, 73, 20731
What are the prime factors of 491546790?
2, 3, 5, 7, 780233
What are the prime factors of 42710944?
2, 1334717
What are the prime factors of 113742989?
113742989
List the prime factors of 89724009.
3, 29908003
What are the prime factors of 2915611340?
2, 5, 5531, 26357
List the prime factors of 1121802157.
7, 29, 47, 117577
List the prime factors of 327006795.
3, 5, 21800453
What are the prime factors of 324657901?
2957, 109793
What are the prime factors of 70550597?
13, 5426969
List the prime factors of 430262732.
2, 107565683
What are the prime factors of 926890437?
3, 11, 28087589
What are the prime factors of 147764295?
3, 5, 7, 293, 1601
List the prime factors of 68213401.
17, 19, 211187
What are the prime factors of 32031889?
73, 438793
What are the prime factors of 187936510?
2, 5, 18793651
List the prime factors of 1283452271.
1283452271
List the prime factors of 14916594.
2, 3, 7, 11, 83, 389
List the prime factors of 7196218629.
3, 2398739543
List the prime factors of 19029986.
2, 41, 232073
List the prime factors of 79601568.
2, 3, 127, 6529
List the prime factors of 548837786.
2, 7, 39202699
What are the prime factors of 105062943?
3, 37, 946513
List the prime factors of 7303749.
3, 2434583
List the prime factors of 2919186106.
2, 19, 277, 277331
What are the prime factors of 162951180?
2, 3, 5, 7, 383, 1013
List the prime factors of 4259271357.
3, 11, 379, 12613
List the prime factors of 1901772742.
2, 479, 859, 2311
What are the prime factors of 124868729?
113, 1105033
What are the prime factors of 986881197?
3, 328960399
List the prime factors of 100584361.
100584361
What are the prime factors of 36285986?
2, 11, 1649363
What are the prime factors of 2678366264?
2, 7, 131, 7451
List the prime factors of 2724185200.
2, 5, 11, 103, 6011
What are the prime factors of 14940239?
14940239
List the prime factors of 1536743984.
2, 6287, 15277
What are the prime factors of 437784976?
2, 31, 882631
What are the prime factors of 3413530999?
27361, 124759
What are the prime factors of 27207350?
2, 5, 263, 2069
List the prime factors of 851108585.
5, 170221717
List the prime factors of 3993518714.
2, 3779, 528383
List the prime factors of 597758287.
7, 85394041
What are the prime factors of 246093913?
13, 29, 149, 337
What are the prime factors of 1901974413?
3, 103, 6155257
List the prime factors of 406582348.
2, 79, 1286653
What are the prime factors of 37595504?
2, 2349719
List the prime factors of 2719730959.
11, 6323, 39103
List the prime factors of 273783192.
2, 3, 1021, 11173
What are the prime factors of 364930595?
5, 72986119
What are the prime factors of 84429402?
2, 3, 14071567
What are the prime factors of 137126855?
5, 2503, 10957
What are the prime factors of 293712446?
2, 43, 3415261
List the prime factors of 21047083.
367, 57349
List the prime factors of 230866520.
2, 5, 5771663
What are the prime factors of 674015377?
7, 67, 1437133
List the prime factors of 442374002.
2, 7, 31598143
What are the prime factors of 50892926?
2, 7, 3635209
List the prime factors of 1404727846.
2, 2719, 258317
What are the prime factors of 701542633?
11, 47, 281, 439
What are the prime factors of 1363426061?
17, 37, 2167609
What are the prime factors of 848716948?
2, 1019, 208223
What are the prime factors of 777717369?
3, 11, 13, 22381
What are the prime factors of 36896177?
1381, 26717
List the prime factors of 27865206.
2, 3, 1548067
What are the prime factors of 925087881?
3, 308362627
What are the prime factors of 56285277?
3, 19, 103, 9587
What are the prime factors of 4193193869?
4193193869
List the prime factors of 99524892.
2, 3, 131, 63311
List the prime factors of 105054143.
105054143
What are the prime factors of 4792058666?
2, 19, 126106807
What are the prime factors of 52290914?
2, 13, 23, 87443
List the prime factors of 2197163830.
2, 5, 29, 67, 113081
What are the prime factors of 44745976?
2, 11, 508477
List the prime factors of 701561405.
5, 140312281
List the prime factors of 1434744198.
2, 3, 619, 42923
List the prime factors of 1326200693.
71, 107, 174569
What are the prime factors of 1859817110?
2, 5, 185981711
List the prime factors of 675702828.
2, 3, 683, 27481
What are the prime factors of 1962030859?
107, 193, 95009
What are the prime factors of 86845749?
3, 29, 41, 97, 251
List the prime factors of 65362062.
2, 3, 10893677
What are the prime factors of 38607876?
2, 3, 61, 17581
What are the prime factors of 2245324572?
2, 3, 17, 97, 109, 347
What are the prime factors of 660063159?
3, 7, 47, 222919
What are the prime factors of 1138219578?
2, 3, 151, 418771
List the prime factors of 107528959.
313, 343543
List the prime factors of 1051546706.
2, 7, 23, 3265673
What are the prime factors of 41966986?
2, 20983493
What are the prime factors of 64649522?
2, 7, 659689
What are the prime fact